{"id":15,"date":"2020-11-24T13:25:24","date_gmt":"2020-11-24T10:25:24","guid":{"rendered":"http:\/\/www.vizyoner.org\/?page_id=15"},"modified":"2020-11-24T13:25:24","modified_gmt":"2020-11-24T10:25:24","slug":"egitim-hizmetleri","status":"publish","type":"page","link":"https:\/\/kurumsal.vizyonerhost.cloud\/index.php\/egitim-hizmetleri\/","title":{"rendered":"E\u011fitim Hizmetleri"},"content":{"rendered":"\n<p><strong>Java, JSP, JSF, Web Service<\/strong><\/p>\n<p>* IBM iSeries AS\/400 i\u015fletmen (operat\u00f6r) kursu.<\/p>\n<p>* IBM iSeries AS\/400 yeni kullan\u0131c\u0131 kursu.<\/p>\n<p>* AS\/400 y\u00f6netimi ve denetimi kursu(ileri d\u00fczey).<\/p>\n<p>* AS\/400 ileti\u015fim olanaklar\u0131 ve kurulu\u015f kursu (SNA, X.25, TCP\/IP).<\/p>\n<p>* Client Access\/400 kurulum, ayarlama, kullan\u0131c\u0131 kursu.<\/p>\n<p>* DB2\/400 veritaban\u0131 kursu.<\/p>\n<p>* Query\/400 kursu, workshop.<\/p>\n<p>* AS\/400 i\u00e7in SQL kullan\u0131m\u0131 kursu.<\/p>\n<p>* OS\/400 i\u015fletim sistemi ve CL\/400 denetim dili programlama.<\/p>\n<p>* RPG\/400 programlamaya giri\u015f kursu.<\/p>\n<p>* \u0130leri d\u00fczey RPG ve RPG IV, ILE RPG programlama kursu.<\/p>\n<p><strong>Hibernate JPA<\/strong><\/p>\n<p>* Veritaban\u0131 nesnesi olu\u015fturma<\/p>\n<p>* Veri taban\u0131 nesneleri g\u00fcncellenmesi ve de\u011fi\u015ftirilmesi<\/p>\n<p>* Tetikleyiciler ve S\u0131n\u0131rlay\u0131c\u0131larla \u00e7al\u0131\u015fmak<\/p>\n<p>* Veri taban\u0131 g\u00fcvenli\u011fi<\/p>\n<p>* Sorgu ve Rapor olu\u015fturmak<\/p>\n<p>* Veri taban\u0131 performans ayarlar\u0131<\/p>\n<p>* G\u00fcnl\u00fcklerin y\u00f6netilmesi<\/p>\n<p>* Veri b\u00fct\u00fcnl\u00fc\u011f\u00fcn\u00fc sa\u011flamak<\/p>\n<p>* DB program\u0131 yazmak<\/p>\n<p>* Birden fazla veri taban\u0131 ile \u00e7al\u0131\u015fmak<\/p>\n<p>* Sistemler aras\u0131 veri al\u0131\u015fveri\u015fi sa\u011flamak<\/p>\n<p>* Da\u011f\u0131t\u0131k veri taban\u0131 eri\u015fimi kurmak<\/p>\n<p>* Yedekleme ve Ar\u015fivleme y\u00f6netimi<\/p>\n<p><strong>Siber G\u00fcvenlik<\/strong><\/p>\n<p><strong>Kavramlar<\/strong><\/p>\n<p>&#8211; Sanal d\u00fcnya ile ilgili kavramlar<\/p>\n<p>&#8211; Siber sald\u0131r\u0131lar ve kamu hizmetlerinin durumu<\/p>\n<p><strong>Teknolojik Geli\u015fmeler<\/strong><\/p>\n<p>&#8211; Teknoloji d\u00fcnyas\u0131ndaki son geli\u015fmeler<\/p>\n<p>&#8211; Gelecek projeleri ve hayat\u0131m\u0131za yans\u0131malar\u0131<\/p>\n<p><strong>Siber G\u00fcvenlik Konsepti<\/strong><\/p>\n<p>&#8211; Neler yap\u0131lmal\u0131?<\/p>\n<p>&#8211; Dikkat edilmesi gereken hususlar nelerdir?<\/p>\n<p><strong>Yap\u0131lan \u00e7al\u0131\u015fmalar<\/strong><\/p>\n<p>&#8211; D\u00fcnyada ve \u00dclkemizde yap\u0131lan \u00e7al\u0131\u015fmalardan \u00f6rnekler<\/p>\n<p>&#8211; Anonymous teknolojilere dair geli\u015fmeler<\/p>\n<p>&#8211; Kamuda siber g\u00fcvenlik<\/p>\n<p>&nbsp;<\/p>","protected":false},"excerpt":{"rendered":"<p>Java, JSP, JSF, Web Service * IBM iSeries AS\/400 i\u015fletmen (operat\u00f6r) kursu. * IBM iSeries AS\/400 yeni kullan\u0131c\u0131 kursu. * AS\/400 y\u00f6netimi ve denetimi kursu(ileri d\u00fczey). * AS\/400 ileti\u015fim olanaklar\u0131 ve kurulu\u015f kursu (SNA, X.25, TCP\/IP). * Client Access\/400 kurulum, ayarlama, kullan\u0131c\u0131 kursu. * DB2\/400 veritaban\u0131 kursu. * Query\/400 kursu, workshop. * AS\/400 i\u00e7in SQL&hellip;<\/p>\n","protected":false},"author":1,"featured_media":0,"parent":0,"menu_order":0,"comment_status":"closed","ping_status":"closed","template":"","meta":{"footnotes":""},"class_list":["post-15","page","type-page","status-publish","hentry"],"jetpack_sharing_enabled":true,"jetpack_likes_enabled":true,"_links":{"self":[{"href":"https:\/\/kurumsal.vizyonerhost.cloud\/index.php\/wp-json\/wp\/v2\/pages\/15","targetHints":{"allow":["GET"]}}],"collection":[{"href":"https:\/\/kurumsal.vizyonerhost.cloud\/index.php\/wp-json\/wp\/v2\/pages"}],"about":[{"href":"https:\/\/kurumsal.vizyonerhost.cloud\/index.php\/wp-json\/wp\/v2\/types\/page"}],"author":[{"embeddable":true,"href":"https:\/\/kurumsal.vizyonerhost.cloud\/index.php\/wp-json\/wp\/v2\/users\/1"}],"replies":[{"embeddable":true,"href":"https:\/\/kurumsal.vizyonerhost.cloud\/index.php\/wp-json\/wp\/v2\/comments?post=15"}],"version-history":[{"count":0,"href":"https:\/\/kurumsal.vizyonerhost.cloud\/index.php\/wp-json\/wp\/v2\/pages\/15\/revisions"}],"wp:attachment":[{"href":"https:\/\/kurumsal.vizyonerhost.cloud\/index.php\/wp-json\/wp\/v2\/media?parent=15"}],"curies":[{"name":"wp","href":"https:\/\/api.w.org\/{rel}","templated":true}]}}