{"id":25,"date":"2020-11-24T13:27:44","date_gmt":"2020-11-24T10:27:44","guid":{"rendered":"http:\/\/www.vizyoner.org\/?page_id=25"},"modified":"2020-11-24T13:27:44","modified_gmt":"2020-11-24T10:27:44","slug":"iso-27001-danismanligi","status":"publish","type":"page","link":"https:\/\/kurumsal.vizyonerhost.cloud\/index.php\/iso-27001-danismanligi\/","title":{"rendered":"ISO 27001 Dan\u0131\u015fmanl\u0131\u011f\u0131"},"content":{"rendered":"\n\n\n<p><strong>ISO 27001 Bilgi G\u00fcvenli\u011fi Y\u00f6netim Sistemi Nedir ?<\/strong><\/p>\n\n\n\n<p>ISO 27001 \u015firketlerin kendilerine \u00f6zel, hassas ve \u015firket i\u00e7inde kalmas\u0131 elzem olan bilgilerini korumaya y\u00f6nelik \u201cBilgi G\u00fcvenli\u011fi Y\u00f6netim Sistemi (BGYS)\u201d kurulmas\u0131n\u0131 ama\u00e7layan, standardize eden ve sertifikalayan sistematik bir yakla\u015f\u0131md\u0131r. BGYS sisteminin temeli firma i\u00e7indeki varl\u0131klar\u0131n ve bilgilerin s\u0131n\u0131fland\u0131r\u0131lmas\u0131 ve hassasiyetlerinin belirlenmesi \u00fczerine kurulur. Varl\u0131klar; fiziksel, ger\u00e7ek ve t\u00fczel ki\u015filer (\u00e7al\u0131\u015fanlar, m\u00fc\u015fteriler, tedarik\u00e7iler, firman\u0131n imaj\u0131), yaz\u0131l\u0131mlar, bilgiler ve al\u0131nan hizmetler olarak s\u0131n\u0131flan\u0131r. Bu s\u0131n\u0131fland\u0131rma ile BGYS; firma i\u00e7in \u00e7al\u0131\u015fanlar\u0131, kritik her t\u00fcrl\u00fc bilgi varl\u0131klar\u0131n\u0131, kurum i\u00e7in \u00f6nemli ve gizli yaz\u0131l\u0131 ya da elektronik ortamdaki her t\u00fcrl\u00fc d\u00f6k\u00fcman\u0131, i\u015f s\u00fcre\u00e7lerini, i\u015f s\u00fcreklili\u011fini ve bilgi teknolojilerini kapsar.<\/p>\n\n\n\n<p>2013 y\u0131l\u0131ndan itibaren ISO\/IEC 27001:2013 versiyonu kulan\u0131lmakta ve sertifikaland\u0131r\u0131lmaktad\u0131r.<\/p>\n\n\n\n<p><strong>ISO 27001 : 2013 Bilgi G\u00fcvenli\u011fi Y\u00f6netim Sistemi Dan\u0131\u015fmanl\u0131\u011f\u0131m\u0131z<\/strong><\/p>\n\n\n\n<p>ISO 27001 her ne kadar bir bilgi teknolojileri yo\u011fun bir sistem olarak g\u00f6r\u00fclse de asl\u0131nda bu tam olarak do\u011fru de\u011fildir. ISO 27001 Bilgi G\u00fcvenli\u011fi Y\u00f6netim Sistemi ; Firma \u00e7al\u0131\u015fanlar\u0131n\u0131, her t\u00fcrl\u00fc \u00f6nemli bilgi varl\u0131klar\u0131n\u0131, g\u00fcvenlik ve insan kaynaklar\u0131, varsa arge ve \u00fcretim, sat\u0131nalma ve sat\u0131\u015f birimleri ba\u015fta olmak \u00fczere \u015firketinizin t\u00fcm i\u015f s\u00fcre\u00e7lerini kapsayan temel bir politikaya dayan\u0131r. Bu kapsamda ;<\/p>\n\n\n\n<ul class=\"wp-block-list\">\n<li>Bilgi Teknolojileri (IT), \u0130nsan Kaynaklar\u0131 (\u0130K), G\u00fcvenlik, Sat\u0131nalma vb. \u0130\u015f birimlerinin dok\u00fcmantasyonlar\u0131n\u0131n varsa incelenmesi ve ISO 27001 standartlar\u0131na uygun hale getirilmesi yoksa birlikte yaz\u0131lmas\u0131 ,<\/li>\n<li>Sistem odas\u0131, ups, jenarat\u00f6r, klima, kablolama altap\u0131s\u0131, access pointler, wireless vb.. IT altyaps\u0131n\u0131n incelenmesi ve eksikliklerin giderilmesi y\u00f6n\u00fcnde bilgi verilmesi,<\/li>\n<li>Varl\u0131k envanterinin haz\u0131rlat\u0131lmas\u0131,<\/li>\n<li>Risk analizinin yap\u0131lmas\u0131,<\/li>\n<li>Gereken uygulama ve kontrollerin saptanmas\u0131,<\/li>\n<li>\u0130\u015f s\u00fcrekli\u011fi altyap\u0131s\u0131n\u0131n incelenmesi ve iyile\u015ftirilmesi,<\/li>\n<li>Gizlilik s\u00f6zle\u015fmelerinin veya mevcut s\u00f6zle\u015fmelerdeki gizlilik ile ilgili maddelerin incelenmesi ve iyile\u015ftirilmesi,<\/li>\n<li>Fiziksel d\u00f6k\u00fcman gizlili\u011finin incelenmesi ve iyile\u015ftirilmesi,<\/li>\n<li>\u00c7al\u0131\u015fan politika ve prosed\u00fcrlerinin incelenmesi ve iyile\u015ftirilmesi,<\/li>\n<li>\u00c7al\u0131\u015fan bilin\u00e7lendirme e\u011fitimlerinin yap\u0131lmas\u0131,<\/li>\n<li>\u0130\u00e7 denetimin yap\u0131lmas\u0131,<\/li>\n<li>\u0130\u00e7 denetim sonucunda D\u00fczeltici ve \u00d6nleyici faaliyetlerin (D\u00d6F) belirlenmesi ve bunlar\u0131n takibi,<\/li>\n<li>Y\u00f6netim g\u00f6zden ge\u00e7irme toplant\u0131s\u0131n\u0131n (YGG) g\u00fcndem maddelerinin belirlenmesi ve yap\u0131lmas\u0131,<\/li>\n<li>Sertifikasyona haz\u0131r hale gelinmesi i\u015flemleri yap\u0131l\u0131r.<\/li>\n<\/ul>\n\n\n\n<p><strong>ISO 27001 Kurulum A\u015famalar\u0131m\u0131z<\/strong><\/p>\n\n\n\n<p><strong>1. Mevcut Durum Analizi:<\/strong> &#8211; Mevcut yap\u0131n\u0131n, s\u00fcre\u00e7lerin, yakla\u015f\u0131mlar\u0131n incelenmesi &#8211; Departmanlarla m\u00fclakat toplant\u0131lar\u0131, mevcut kay\u0131tlar\u0131n ve dok\u00fcmantasyonun incelenmesi &#8211; BGYS Komitesinin kurulmas\u0131 &#8211; Komite g\u00f6rev da\u011f\u0131l\u0131mlar\u0131n\u0131n yap\u0131lmas\u0131<\/p>\n\n\n\n<p><strong>2. Haz\u0131rl\u0131k :<\/strong> &#8211; BGYS dok\u00fcmantasyon format\u0131n\u0131n olu\u015fturulmas\u0131 &#8211; BGYS kapsam\u0131n\u0131n ve politikas\u0131n\u0131n belirlenmesi &#8211; Personel ISO\/IEC 27001 Fark\u0131ndal\u0131k ve Temel Bilgilendirme e\u011fitimin verilmesi &#8211; Bilgi s\u0131n\u0131fland\u0131r\u0131lmas\u0131n\u0131n yap\u0131lmas\u0131 ve varl\u0131k envanterinin olu\u015fturulmas\u0131<\/p>\n\n\n\n<p><strong>3. Bilgi Teknolojileri ile ilgili politika, prosed\u00fcr ve uygulamalar :<\/strong> &#8211; Alt yap\u0131, donan\u0131m, sistem ve son kullan\u0131c\u0131 deste\u011fi &#8211; Yaz\u0131l\u0131m geli\u015ftirme ve yeni yaz\u0131l\u0131mlar\u0131 devreye alma ile ilgili uygulamalar &#8211; Sistem odalar\u0131, uygulamalar ve donan\u0131mlar\u0131n g\u00fcvenlik ve i\u015f s\u00fcreklili\u011fi konular\u0131ndaki yeterlilikleri &#8211; Veritaban\u0131 ve yaz\u0131l\u0131m g\u00fcvenli\u011fi &#8211; Kimlik y\u00f6netimi, kullan\u0131c\u0131 y\u00f6netimi, yetki ve yetkili kullan\u0131c\u0131lar\u0131n y\u00f6netimi &#8211; Bilgi s\u0131zmas\u0131 engelleme uygulamalar\u0131, \u015fifre y\u00f6netim sistemleri &#8211; Yedekleme ve yedekten geri d\u00f6nme uygulamalar\u0131 &#8211; Zararl\u0131 kod, mobil kod, ve veri s\u0131zmas\u0131na kar\u015f\u0131 kontroller &#8211; Veri g\u00fcvenli\u011fi uygulamalar\u0131n\u0131n payla\u015f\u0131lmas\u0131 &#8211; A\u011f g\u00fcvenli\u011fi uygulamalar\u0131n\u0131n payla\u015f\u0131lmas\u0131 &#8211; Zay\u0131fl\u0131k tarama ve yama uygulamalar\u0131n\u0131n payla\u015f\u0131lmas\u0131 &#8211; Penetrasyon (S\u0131zma Testi) yapt\u0131r\u0131lmas\u0131<\/p>\n\n\n\n<p><strong>4. \u0130nsan Kaynaklar\u0131 ile ilgili politika, prosed\u00fcr ve uygulamalar :<\/strong> &#8211; Mevcut \u00e7al\u0131\u015fanlarla ilgili politika ve prosed\u00fcrlerin g\u00f6zden ge\u00e7irilmesi ve eksikliler varsa g\u00fcncellenmesi, yenilerinin haz\u0131rlanmas\u0131 &#8211; Gizlilik s\u00f6zle\u015fmeleri ve s\u00f6zle\u015fmelerdeki gizlilik ile ilgili maddelerin incelenmesi &#8211; \u0130nsan kaynaklar\u0131 personel bilgi g\u00fcvenli\u011fi s\u00f6zle\u015fmelerinin uyarlanmas\u0131, yoksa yaz\u0131lmas\u0131 &#8211; \u00d6zl\u00fck dosyalar\u0131 ve zimmet kay\u0131tlar\u0131 uygulamalar\u0131 &#8211; \u0130hlal olaylar\u0131 y\u00f6netim prosed\u00fcrlerinin olu\u015fturulmas\u0131 &#8211; \u00c7al\u0131\u015fan g\u00fcvenli\u011fi ve sa\u011fl\u0131\u011f\u0131 ile ilgili uygulamalar &#8211; Yasalara, t\u00fcz\u00fcklere ve y\u00fck\u00fcml\u00fcl\u00fcklere uygun prosed\u00fcrlerin olu\u015fturulmas\u0131 &#8211; T\u00fcm varl\u0131klar\u0131n kabul edilebilir kullan\u0131mlar\u0131n\u0131n tan\u0131mlanmas\u0131, yay\u0131nlanmas\u0131 ve uygulanmas\u0131 &#8211; Bilgi g\u00fcvenli\u011fi hakk\u0131nda personelin fark\u0131ndal\u0131\u011f\u0131n\u0131 peki\u015ftirecek e\u011fitim, toplant\u0131, afi\u015f ve motive edici uygulamalar\u0131n yap\u0131lmas\u0131<\/p>\n\n\n\n<p><strong>5. Fiziksel g\u00fcvenlik ve i\u015f s\u00fcreklili\u011fi ile ilgili politika, prosed\u00fcr ve uygulamalar :<\/strong> &#8211; Fiziksel alanlardaki g\u00fcvenlik sistemleri (kartl\u0131 ge\u00e7i\u015f, parmak izi uygulamalar\u0131, kamera sistemleri) &#8211; Yang\u0131n, sel gibi do\u011fal afetlere kar\u015f\u0131n al\u0131nan \u00f6nlemler &#8211; Kritik fiziksel varl\u0131klar\u0131n bak\u0131m\u0131 ile ilgili prosed\u00fcrler ve uygulamalar &#8211; \u0130\u015f s\u00fcreklili\u011fi ile ilgili felaket senaryolar\u0131, al\u0131nan \u00f6nlemler ve test uygulamalar\u0131<\/p>\n\n\n\n<p><strong>6. Tedarik\u00e7i ve m\u00fc\u015fteri y\u00f6netimi ile ilgili politika, prosed\u00fcr ve uygulamalar :<\/strong> &#8211; Depo, y\u00fckleme alan\u0131 gibi yerlerin yetkisiz ki\u015filerce eri\u015fiminin engellenmesi ve izlenmesi &#8211; Tedarik\u00e7ilerle s\u00f6zle\u015fmeler, gizlilik maddeleri ve tedarik\u00e7i de\u011ferlendirme sistemleri &#8211; M\u00fc\u015fterilerle bilgi al\u0131\u015fveri\u015fi y\u00f6ntemleri, s\u00f6zle\u015fmeler ve gizlilik maddeleri &#8211; Kapasite planlama uygulamalar\u0131<\/p>\n\n\n\n<p><strong>7. Risk Analizi :<\/strong> &#8211; Varl\u0131k envanterinin incelenmesi ve eksikliklerin tamamlanmas\u0131 &#8211; Varl\u0131klarla ilgili tehditlerin belirlenmesi &#8211; Risklerin derecelendirilmesi &#8211; Risk azaltma y\u00f6ntemlerinin belirlenmesi &#8211; Risk i\u015fleme plan\u0131n\u0131n uygulanmas\u0131<\/p>\n\n\n\n<p><strong>8. \u0130\u00e7 Denetim :<\/strong> &#8211; Uygunluk bildirgesinin doldurulmas\u0131 (SoA) &#8211; \u0130\u00e7 denetim a\u015famalar\u0131n\u0131n planlanmas\u0131 ve ger\u00e7ekle\u015ftirilmesi &#8211; ISO 27001 i\u00e7 denetimin yap\u0131lmas\u0131 &#8211; \u0130\u00e7 denetim raporunun haz\u0131rlanmas\u0131 &#8211; \u0130\u00e7 denetim bulgular\u0131n\u0131n kapat\u0131lmas\u0131<\/p>\n\n\n\n<p><strong>9. S\u00fcrekli \u0130yile\u015ftirme : D\u00fczeltici ve \u00d6nleyici Faaliyetlerin uygulanmas\u0131 :<\/strong> &#8211; \u0130\u00e7 denetim s\u0131ras\u0131nda tespit edilen uygunsuzluklar i\u00e7in d\u00fczeltici i\u015flemleri ba\u015flatma , takip ve sonu\u00e7land\u0131rma &#8211; S\u00fcrekli iyile\u015ftirme ad\u0131na performans de\u011ferlendirmeleri yap\u0131lmas\u0131. Risk de\u011ferlemenin tekrar g\u00f6zden ge\u00e7irilmesi<\/p>\n\n\n\n<p><strong>10. Y\u00f6netimin G\u00f6zden Ge\u00e7irme Toplant\u0131s\u0131n\u0131n ger\u00e7ekle\u015ftirilmesi (YGG) :<\/strong> &#8211; YGG toplant\u0131lar\u0131n\u0131n format\u0131n\u0131n ve g\u00fcndem maddelerinin belirlenmesi &#8211; Y\u00f6netim G\u00f6zden Ge\u00e7irme (YGG) toplant\u0131s\u0131n\u0131n ger\u00e7ekle\u015ftirilmesi &#8211; YGG Tutana\u011f\u0131n\u0131n haz\u0131rlanmas\u0131 ve onaya sunulmas\u0131n\u0131n takibi.<\/p>\n\n\n\n<p><strong>ISO 27001 Bilgi G\u00fcvenli\u011fi Y\u00f6netim Sistemi Kurumunuza Ne Katar ?<\/strong><\/p>\n\n\n\n<p>G\u00fcn\u00fcm\u00fczde etkili i\u015fleyen bir \u201cBilgi G\u00fcvenli\u011fi\u201d alt yap\u0131s\u0131 olmadan hi\u00e7bir kurum veya kurulu\u015f imaj\u0131n\u0131, piyasadakini g\u00fcvenini ve dolay\u0131s\u0131yla varl\u0131\u011f\u0131n\u0131 uzun s\u00fcre koruyamaz. BGYS arac\u0131l\u0131\u011f\u0131 ile ilgili taraflar\u0131n, \u00f6zellikle de m\u00fc\u015fterilerinizin ve \u00f6nemli tedarik\u00e7ilerinizin bilgi g\u00fcvenli\u011fi konusunda size duyduklar\u0131 g\u00fcveni teminat alt\u0131na al\u0131rs\u0131n\u0131z. En \u00f6nemlisi de \u201cBilgi G\u00fcvenli\u011fini\u201d i\u015f s\u00fcre\u00e7lerinizin \u00f6nemli bir par\u00e7as\u0131 olarak g\u00f6rd\u00fc\u011f\u00fcn\u00fcz\u00fc ve uygulamaya alm\u0131\u015f oldu\u011funuzu belgelersiniz.. \u201cBilgi G\u00fcvenl\u011fi Sisteminizi\u201d firman\u0131zda her kademede ve i\u015f s\u00fcre\u00e7lerinizde \u00f6nemser ve ya\u015fat\u0131rs\u0131n\u0131z. Bu kapsamda BGYS sisteminin faydalar\u0131n\u0131 \u00f6zetleyecek olursak ;<\/p>\n\n\n\n<ul class=\"wp-block-list\">\n<li>Bilgi Teknolojileri (IT), \u0130nsan Kaynaklar\u0131 (\u0130K), G\u00fcvenlik, Sat\u0131nalma vb. \u0130\u015f birimlerinin dok\u00fcmantasyonlar\u0131n\u0131n varsa incelenmesi ve ISO 27001 standartlar\u0131na uygun hale getirilmesi yoksa birlikte yaz\u0131lmas\u0131 ,<\/li>\n<li>\u015eirketinizdeki de\u011ferli bilgi varl\u0131klar\u0131n\u0131n neler oldu\u011fu netle\u015fir, her \u00e7al\u0131\u015fan taraf\u0131ndan bilgi varl\u0131klar\u0131 en y\u00fcksek derecede korunmaya ba\u015flar.<\/li>\n<li>Bu bilgi varl\u0131klar\u0131 ister yaz\u0131l\u0131 d\u00f6k\u00fcman olsun ister elektronik ortamda olsun, korunmas\u0131 i\u00e7in yap\u0131lacaklar belirlenir. Gerekli tedbirler en \u00fcst seviyede al\u0131n\u0131r.<\/li>\n<li>Kritik bilgilerin gizli ve koruma alt\u0131nda olmas\u0131, sizleri, \u00e7al\u0131\u015fanlar\u0131n\u0131z, m\u00fc\u015fterilerinizi ve tadarik\u00e7ilerinizi rahatlat\u0131r. \u0130\u015fbirli\u011finizi, sinerjisini geli\u015ftirir ve dolay\u0131s\u0131yla verimlili\u011finizi artt\u0131r\u0131r.<\/li>\n<li>Ki\u015filerin bilin\u00e7li veya bilin\u00e7siz olarak sebep olabilece\u011fi bilgi g\u00fcvenli\u011fi ihlal durumlar\u0131 i\u00e7in senaryolar ve seviyelendirilmi\u015f yapt\u0131r\u0131mlar belirlenir, payla\u015f\u0131l\u0131r ve uygulan\u0131r.<\/li>\n<li>Kurumunuzun kritik bilgi varl\u0131klar\u0131 belirlenmi\u015f tehditler alt\u0131nda gizlilik, b\u00fct\u00fcnl\u00fck ve eri\u015filebilirlik a\u00e7\u0131s\u0131ndan ayr\u0131 ayr\u0131 de\u011ferlendirilir ve gerekli \u00f6nlemlerin al\u0131nmas\u0131n\u0131 sa\u011flan\u0131r.<\/li>\n<li>Kurumunuzdaki s\u00fcre\u00e7ler, bilgilerin b\u00fct\u00fcnl\u00fc\u011f\u00fc ve i\u015f s\u00fcrekli\u011fi ile ilgili t\u00fcm yap\u0131lanlar denetlenir. Felaket senaryolar\u0131 haz\u0131rlan\u0131r ve tatbikatlar uygulan\u0131r. Bu senaryolar kapsam\u0131nda i\u015f s\u00fcreklili\u011fi denetlenir. Yap\u0131lmas\u0131 gerekenler ve eksiklikler belirlenir. Bunlar tamamlanarak iyile\u015ftirme sa\u011flan\u0131r.<\/li>\n<li>\u015eirketinizin piyasadaki g\u00fcvenilirli\u011fi ve de\u011feri artar.<\/li>\n<li>Bu sistem sayesinde bilgileriniz g\u00fcvence alt\u0131na al\u0131n\u0131r. Kesinlikle hi\u00e7bir ayr\u0131nt\u0131 \u015fansa b\u0131rak\u0131lmay\u0131p riske at\u0131lamaz b\u00f6ylelikle her t\u00fcrl\u00fc felaket senaryolar\u0131na haz\u0131rl\u0131kl\u0131 olunur.<\/li>\n<li>TC G\u00fcmr\u00fck ve Ticaret Bakanl\u0131\u011f\u0131\u2019n\u0131n yay\u0131nlad\u0131\u011f\u0131 \u201cYetkilendirilmi\u015f Y\u00fck\u00fcml\u00fc Uygulamas\u0131\u201d ile firman\u0131z\u0131n g\u00fcmr\u00fck i\u015flemlerinizi rahat\u00e7a kendinizin yapabilmesini sa\u011flayan uygulamalara haz\u0131r hale gelirsiniz. G\u00fcmr\u00fck ve Ticaret Bakanl\u0131\u011f\u0131 \u201cYetkilendirilmi\u015f Y\u00fck\u00fcml\u00fc Uygulamas\u0131\u201d i\u00e7in ISO 27001\u2019i \u00f6n \u015fart olarak belirlemi\u015ftir.<\/li>\n<li>Kamu kurumlar\u0131 ya da \u00f6zel sekt\u00f6r ihalelerinde di\u011fer firmalardan bir ad\u0131m \u00f6nde olursunuz. G\u00fcn\u00fcm\u00fczde \u201cBilgi G\u00fcvenli\u011fi\u201d altyap\u0131s\u0131n\u0131 ilgilendiren bir\u00e7ok i\u015f kolundaki \u00f6nemli ihalelerde ISO 27001 standart\u0131na sahip olmak \u00f6nemli bir \u00f6n ko\u015ful olarak aranmaktad\u0131r.<\/li>\n<\/ul>","protected":false},"excerpt":{"rendered":"<p>ISO 27001 Bilgi G\u00fcvenli\u011fi Y\u00f6netim Sistemi Nedir ? ISO 27001 \u015firketlerin kendilerine \u00f6zel, hassas ve \u015firket i\u00e7inde kalmas\u0131 elzem olan bilgilerini korumaya y\u00f6nelik \u201cBilgi G\u00fcvenli\u011fi Y\u00f6netim Sistemi (BGYS)\u201d kurulmas\u0131n\u0131 ama\u00e7layan, standardize eden ve sertifikalayan sistematik bir yakla\u015f\u0131md\u0131r. BGYS sisteminin temeli firma i\u00e7indeki varl\u0131klar\u0131n ve bilgilerin s\u0131n\u0131fland\u0131r\u0131lmas\u0131 ve hassasiyetlerinin belirlenmesi \u00fczerine kurulur. Varl\u0131klar; fiziksel, ger\u00e7ek ve&hellip;<\/p>\n","protected":false},"author":1,"featured_media":0,"parent":0,"menu_order":0,"comment_status":"closed","ping_status":"closed","template":"","meta":{"footnotes":""},"class_list":["post-25","page","type-page","status-publish","hentry"],"jetpack_sharing_enabled":true,"jetpack_likes_enabled":true,"_links":{"self":[{"href":"https:\/\/kurumsal.vizyonerhost.cloud\/index.php\/wp-json\/wp\/v2\/pages\/25","targetHints":{"allow":["GET"]}}],"collection":[{"href":"https:\/\/kurumsal.vizyonerhost.cloud\/index.php\/wp-json\/wp\/v2\/pages"}],"about":[{"href":"https:\/\/kurumsal.vizyonerhost.cloud\/index.php\/wp-json\/wp\/v2\/types\/page"}],"author":[{"embeddable":true,"href":"https:\/\/kurumsal.vizyonerhost.cloud\/index.php\/wp-json\/wp\/v2\/users\/1"}],"replies":[{"embeddable":true,"href":"https:\/\/kurumsal.vizyonerhost.cloud\/index.php\/wp-json\/wp\/v2\/comments?post=25"}],"version-history":[{"count":0,"href":"https:\/\/kurumsal.vizyonerhost.cloud\/index.php\/wp-json\/wp\/v2\/pages\/25\/revisions"}],"wp:attachment":[{"href":"https:\/\/kurumsal.vizyonerhost.cloud\/index.php\/wp-json\/wp\/v2\/media?parent=25"}],"curies":[{"name":"wp","href":"https:\/\/api.w.org\/{rel}","templated":true}]}}