{"id":29,"date":"2020-11-24T13:29:12","date_gmt":"2020-11-24T10:29:12","guid":{"rendered":"http:\/\/www.vizyoner.org\/?page_id=29"},"modified":"2020-11-24T13:29:12","modified_gmt":"2020-11-24T10:29:12","slug":"hosting-hizmetlerimiz","status":"publish","type":"page","link":"https:\/\/kurumsal.vizyonerhost.cloud\/index.php\/hosting-hizmetlerimiz\/","title":{"rendered":"Hosting Hizmetlerimiz"},"content":{"rendered":"\n\n\n<p>T\u00fcm bar\u0131nd\u0131rma planlar\u0131 Windows veya Linux platformunda kurulabilir. T\u00fcm bar\u0131nd\u0131rma planlar\u0131 en az 1 y\u0131ll\u0131k sat\u0131n al\u0131m gerektirmektedir.<\/p>\n\n\n\n<p>Desteklenen Uygulamalar : Plesk Kontrol Panel, Microsoft IIS, HTML, ASP \/ ASP .NET Framework, PHP, PERL ve CGI, WAP \/ WML, Zend Optimizer, Ioncube, ASP E-mail, ASP JPEG, ASP Upload, Jmail<\/p>\n\n\n\n<p>Database : MS-SQL, MySQL, S\u0131n\u0131rs\u0131z ODBC &amp; DSN<\/p>\n\n\n\n<p>Temel \u00d6zellikler : 365 g\u00fcn 24 saat s\u0131n\u0131rs\u0131z FTP eri\u015fimi, WebMail<\/p>\n\n\n\n<p>G\u00fcvenlik : DDos korumas\u0131, IPS korumas\u0131, FTP ve HTTP AntiVir\u00fcs korumas\u0131<\/p>","protected":false},"excerpt":{"rendered":"<p>T\u00fcm bar\u0131nd\u0131rma planlar\u0131 Windows veya Linux platformunda kurulabilir. T\u00fcm bar\u0131nd\u0131rma planlar\u0131 en az 1 y\u0131ll\u0131k sat\u0131n al\u0131m gerektirmektedir. Desteklenen Uygulamalar : Plesk Kontrol Panel, Microsoft IIS, HTML, ASP \/ ASP .NET Framework, PHP, PERL ve CGI, WAP \/ WML, Zend Optimizer, Ioncube, ASP E-mail, ASP JPEG, ASP Upload, Jmail Database : MS-SQL, MySQL, S\u0131n\u0131rs\u0131z ODBC&hellip;<\/p>\n","protected":false},"author":1,"featured_media":0,"parent":0,"menu_order":0,"comment_status":"closed","ping_status":"closed","template":"","meta":{"footnotes":""},"class_list":["post-29","page","type-page","status-publish","hentry"],"jetpack_sharing_enabled":true,"jetpack_likes_enabled":true,"_links":{"self":[{"href":"https:\/\/kurumsal.vizyonerhost.cloud\/index.php\/wp-json\/wp\/v2\/pages\/29","targetHints":{"allow":["GET"]}}],"collection":[{"href":"https:\/\/kurumsal.vizyonerhost.cloud\/index.php\/wp-json\/wp\/v2\/pages"}],"about":[{"href":"https:\/\/kurumsal.vizyonerhost.cloud\/index.php\/wp-json\/wp\/v2\/types\/page"}],"author":[{"embeddable":true,"href":"https:\/\/kurumsal.vizyonerhost.cloud\/index.php\/wp-json\/wp\/v2\/users\/1"}],"replies":[{"embeddable":true,"href":"https:\/\/kurumsal.vizyonerhost.cloud\/index.php\/wp-json\/wp\/v2\/comments?post=29"}],"version-history":[{"count":0,"href":"https:\/\/kurumsal.vizyonerhost.cloud\/index.php\/wp-json\/wp\/v2\/pages\/29\/revisions"}],"wp:attachment":[{"href":"https:\/\/kurumsal.vizyonerhost.cloud\/index.php\/wp-json\/wp\/v2\/media?parent=29"}],"curies":[{"name":"wp","href":"https:\/\/api.w.org\/{rel}","templated":true}]}}