{"id":59,"date":"2020-11-24T13:31:48","date_gmt":"2020-11-24T10:31:48","guid":{"rendered":"http:\/\/www.vizyoner.org\/?page_id=59"},"modified":"2025-11-02T07:55:50","modified_gmt":"2025-11-02T07:55:50","slug":"hizmetlerimiz","status":"publish","type":"page","link":"https:\/\/kurumsal.vizyonerhost.cloud\/index.php\/hizmetlerimiz\/","title":{"rendered":"Hizmetlerimiz"},"content":{"rendered":"<p><a href=\"http:\/\/kurumsal.vizyonerhost.cloud\/index.php\/dis-kaynak-saglama\/\/\">D\u0131\u015f Kaynak Sa\u011flama<\/a><\/p>\n<p><a href=\"http:\/\/kurumsal.vizyonerhost.cloud\/index.php\/bilim-ve-teknoloji-danismanligi\/\">Bili\u015fim ve Teknoloji Dan\u0131\u015fmanl\u0131\u011f\u0131<\/a><\/p>\n<p><a href=\"http:\/\/kurumsal.vizyonerhost.cloud\/index.php\/yonetim-danismanligi\/\">Y\u00f6netim Dan\u0131\u015fmanl\u0131\u011f\u0131<\/a><\/p>\n<p><a href=\"http:\/\/kurumsal.vizyonerhost.cloud\/index.php\/it-danismanligi\/\">IT Dan\u0131\u015fmanl\u0131\u011f\u0131<\/a><\/p>\n<p><a href=\"http:\/\/kurumsal.vizyonerhost.cloud\/index.php\/yazilim-hizmetleri\/\">Yaz\u0131l\u0131m Hizmetleri<\/a><\/p>\n<p><a href=\"http:\/\/kurumsal.vizyonerhost.cloud\/index.php\/egitim-hizmetleri\/\">E\u011fitim Hizmetleri<\/a><\/p>\n<p><a href=\"http:\/\/kurumsal.vizyonerhost.cloud\/index.php\/proje-ve-portfoy-yonetimi\/\">Proje ve Portf\u00f6y Y\u00f6netimi<\/a><\/p>\n<p><a href=\"http:\/\/kurumsal.vizyonerhost.cloud\/index.php\/kvkk-danismanligi\/\">KVKK Dan\u0131\u015fmanl\u0131\u011f\u0131<\/a><\/p>\n<p><a href=\"http:\/\/kurumsal.vizyonerhost.cloud\/index.php\/iso-27001-danismanligi\/\">ISO 27001 Dan\u0131\u015fmanl\u0131\u011f\u0131<\/a><\/p>\n<p><a href=\"http:\/\/kurumsal.vizyonerhost.cloud\/index.php\/hosting-hizmetlerimiz\/\">Hosting Hizmetlerimiz<\/a><\/p>\n","protected":false},"excerpt":{"rendered":"<p>D\u0131\u015f Kaynak Sa\u011flama Bili\u015fim ve Teknoloji Dan\u0131\u015fmanl\u0131\u011f\u0131 Y\u00f6netim Dan\u0131\u015fmanl\u0131\u011f\u0131 IT Dan\u0131\u015fmanl\u0131\u011f\u0131 Yaz\u0131l\u0131m Hizmetleri E\u011fitim Hizmetleri Proje ve Portf\u00f6y Y\u00f6netimi KVKK Dan\u0131\u015fmanl\u0131\u011f\u0131 ISO 27001 Dan\u0131\u015fmanl\u0131\u011f\u0131 Hosting Hizmetlerimiz<\/p>\n","protected":false},"author":1,"featured_media":0,"parent":0,"menu_order":0,"comment_status":"closed","ping_status":"closed","template":"","meta":{"footnotes":""},"class_list":["post-59","page","type-page","status-publish","hentry"],"jetpack_sharing_enabled":true,"jetpack_likes_enabled":true,"_links":{"self":[{"href":"https:\/\/kurumsal.vizyonerhost.cloud\/index.php\/wp-json\/wp\/v2\/pages\/59","targetHints":{"allow":["GET"]}}],"collection":[{"href":"https:\/\/kurumsal.vizyonerhost.cloud\/index.php\/wp-json\/wp\/v2\/pages"}],"about":[{"href":"https:\/\/kurumsal.vizyonerhost.cloud\/index.php\/wp-json\/wp\/v2\/types\/page"}],"author":[{"embeddable":true,"href":"https:\/\/kurumsal.vizyonerhost.cloud\/index.php\/wp-json\/wp\/v2\/users\/1"}],"replies":[{"embeddable":true,"href":"https:\/\/kurumsal.vizyonerhost.cloud\/index.php\/wp-json\/wp\/v2\/comments?post=59"}],"version-history":[{"count":3,"href":"https:\/\/kurumsal.vizyonerhost.cloud\/index.php\/wp-json\/wp\/v2\/pages\/59\/revisions"}],"predecessor-version":[{"id":320,"href":"https:\/\/kurumsal.vizyonerhost.cloud\/index.php\/wp-json\/wp\/v2\/pages\/59\/revisions\/320"}],"wp:attachment":[{"href":"https:\/\/kurumsal.vizyonerhost.cloud\/index.php\/wp-json\/wp\/v2\/media?parent=59"}],"curies":[{"name":"wp","href":"https:\/\/api.w.org\/{rel}","templated":true}]}}